{"id":4938,"date":"2025-07-20T10:29:01","date_gmt":"2025-07-20T13:29:01","guid":{"rendered":"https:\/\/maxwinetop.com.br\/?post_type=product&#038;p=4938"},"modified":"2025-07-20T10:29:01","modified_gmt":"2025-07-20T13:29:01","slug":"unico-chardonney","status":"publish","type":"product","link":"https:\/\/maxwinetop.com.br\/index.php\/product\/unico-chardonney\/","title":{"rendered":"\u00danico Chardonney"},"content":{"rendered":"<p data-start=\"95\" data-end=\"150\"><strong data-start=\"95\" data-end=\"150\">\u00danico Chardonnay \u2013 Frescor e eleg\u00e2ncia em cada ta\u00e7a<\/strong><\/p>\n<p data-start=\"152\" data-end=\"413\">O <strong data-start=\"154\" data-end=\"174\">\u00danico Chardonnay<\/strong> \u00e9 um vinho branco vibrante, que revela o melhor da tradi\u00e7\u00e3o vin\u00edcola chilena. Produzido com uvas selecionadas, traz notas frescas de frutas tropicais, como abacaxi e manga, combinadas com delicados toques c\u00edtricos e nuances de baunilha.<\/p>\n<p data-start=\"415\" data-end=\"641\">Na boca, \u00e9 leve, refrescante, com boa acidez e final suave, tornando-se uma \u00f3tima escolha para dias quentes e celebra\u00e7\u00f5es especiais. Vers\u00e1til, harmoniza muito bem com frutos do mar, peixes grelhados, saladas e queijos leves.<\/p>\n<p data-start=\"643\" data-end=\"711\"><strong data-start=\"643\" data-end=\"711\">\u00danico Chardonnay: refresc\u00e2ncia, suavidade e sabor em um s\u00f3 gole.<\/strong><\/p>\n","protected":false},"excerpt":{"rendered":"<p>\u00danico Chardonnay \u2013 Frescor e eleg\u00e2ncia em cada ta\u00e7a O \u00danico Chardonnay \u00e9 um vinho branco vibrante, que revela o melhor da tradi\u00e7\u00e3o vin\u00edcola chilena. Produzido com uvas selecionadas, traz notas frescas de frutas tropicais, como abacaxi e manga, combinadas com delicados toques c\u00edtricos e nuances de baunilha. Na boca, \u00e9 leve, refrescante, com boa [&hellip;]<\/p>\n","protected":false},"featured_media":4939,"template":"","meta":{"site-sidebar-layout":"default","site-content-layout":"","ast-site-content-layout":"default","site-content-style":"default","site-sidebar-style":"default","ast-global-header-display":"","ast-banner-title-visibility":"","ast-main-header-display":"","ast-hfb-above-header-display":"","ast-hfb-below-header-display":"","ast-hfb-mobile-header-display":"","site-post-title":"","ast-breadcrumbs-content":"","ast-featured-img":"","footer-sml-layout":"","theme-transparent-header-meta":"default","adv-header-id-meta":"","stick-header-meta":"","header-above-stick-meta":"","header-main-stick-meta":"","header-below-stick-meta":"","astra-migrate-meta-layouts":"set","ast-page-background-enabled":"default","ast-page-background-meta":{"desktop":{"background-color":"","background-image":"","background-repeat":"repeat","background-position":"center center","background-size":"auto","background-attachment":"scroll","background-type":"","background-media":"","overlay-type":"","overlay-color":"","overlay-opacity":"","overlay-gradient":""},"tablet":{"background-color":"","background-image":"","background-repeat":"repeat","background-position":"center center","background-size":"auto","background-attachment":"scroll","background-type":"","background-media":"","overlay-type":"","overlay-color":"","overlay-opacity":"","overlay-gradient":""},"mobile":{"background-color":"","background-image":"","background-repeat":"repeat","background-position":"center center","background-size":"auto","background-attachment":"scroll","background-type":"","background-media":"","overlay-type":"","overlay-color":"","overlay-opacity":"","overlay-gradient":""}},"ast-content-background-meta":{"desktop":{"background-color":"var(--ast-global-color-5)","background-image":"","background-repeat":"repeat","background-position":"center center","background-size":"auto","background-attachment":"scroll","background-type":"","background-media":"","overlay-type":"","overlay-color":"","overlay-opacity":"","overlay-gradient":""},"tablet":{"background-color":"var(--ast-global-color-5)","background-image":"","background-repeat":"repeat","background-position":"center center","background-size":"auto","background-attachment":"scroll","background-type":"","background-media":"","overlay-type":"","overlay-color":"","overlay-opacity":"","overlay-gradient":""},"mobile":{"background-color":"var(--ast-global-color-5)","background-image":"","background-repeat":"repeat","background-position":"center center","background-size":"auto","background-attachment":"scroll","background-type":"","background-media":"","overlay-type":"","overlay-color":"","overlay-opacity":"","overlay-gradient":""}}},"product_cat":[53],"product_tag":[],"class_list":{"0":"post-4938","1":"product","2":"type-product","3":"status-publish","4":"has-post-thumbnail","6":"product_cat-chile","7":"desktop-align-left","8":"tablet-align-left","9":"mobile-align-left","11":"first","12":"instock","13":"shipping-taxable","14":"purchasable","15":"product-type-simple"},"aioseo_notices":[],"_links":{"self":[{"href":"https:\/\/maxwinetop.com.br\/index.php\/wp-json\/wp\/v2\/product\/4938"}],"collection":[{"href":"https:\/\/maxwinetop.com.br\/index.php\/wp-json\/wp\/v2\/product"}],"about":[{"href":"https:\/\/maxwinetop.com.br\/index.php\/wp-json\/wp\/v2\/types\/product"}],"wp:featuredmedia":[{"embeddable":true,"href":"https:\/\/maxwinetop.com.br\/index.php\/wp-json\/wp\/v2\/media\/4939"}],"wp:attachment":[{"href":"https:\/\/maxwinetop.com.br\/index.php\/wp-json\/wp\/v2\/media?parent=4938"}],"wp:term":[{"taxonomy":"product_cat","embeddable":true,"href":"https:\/\/maxwinetop.com.br\/index.php\/wp-json\/wp\/v2\/product_cat?post=4938"},{"taxonomy":"product_tag","embeddable":true,"href":"https:\/\/maxwinetop.com.br\/index.php\/wp-json\/wp\/v2\/product_tag?post=4938"}],"curies":[{"name":"wp","href":"https:\/\/api.w.org\/{rel}","templated":true}]}}